. Let w be m(-9). Let d = 1544 - 1515. What is the highest common factor of w and d?
29
Let o = 20226 - 20140. What is the highest common factor of 8686 and o?
86
Suppose 3*r = -i + 513, 2*r - 5*i = -3*r + 855. Suppose 0 = -5*s + 114 + r. Let w be (1 - 32/(-6))*3. Calculate the highest common factor of w and s.
19
Suppose 0 = -2*u + 98 + 28. Suppose -12*y - u = -13*y. Suppose -v + 1 = -2*x - 6*v, 0 = -x + v + 10. Calculate the highest common divisor of x and y.
7
Let h(r) = -662*r + 2534. Let f be h(-7). What is the highest common factor of f and 168?
56
Suppose -34 - 46 = 4*d. Let a be -2 + 1 - -107 - d/10. Suppose -4*p + a = 2*p. What is the highest common divisor of 54 and p?
18
Let i be ((66/(-4))/(-11))/((-6)/(-8)). Suppose -i*r - 2*r - 5*x = -1610, 407 = r - x. Calculate the greatest common factor of r and 45.
45
Suppose -4*b - 24 = -4*x, 2*x + 2*b = 7 - 3. Let t = 13 + 1. Suppose -t = -k - 8. What is the greatest common divisor of k and x?
2
Let y = -846 + 4609. What is the highest common divisor of y and 106?
53
Suppose -41 = -5*s + 2*s - w, 4*w = -s + 32. Let q = 667 - 372. Let l = -199 + q. Calculate the highest common factor of s and l.
12
Suppose 2*f + 0*f = -3*g + 33, -4*f = 2*g - 22. Suppose 0 = -g*i + 38 - 16. What is the greatest common factor of 66 and i?
2
Let d(f) = -2*f**3 + 48*f**2 - 31*f + 77. Let c be d(23). Suppose -c*x + 10374 = -409*x. Calculate the greatest common factor of x and 84.
42
Let i be (-16)/10 - (-219)/365. Let d be (i + -4)/(12006/(-750) - -16). What is the greatest common factor of 75 and d?
25
Let o = 507 - -578. What is the greatest common divisor of 10 and o?
5
Suppose -6161 = 79*s - 13610 - 7719. What is the highest common factor of 75 and s?
3
Let g(k) = -k**2 - 10*k - 7. Let n be g(-6). Let s(j) = -3*j**2 - 189*j + 17. Let f be s(-63). Calculate the greatest common divisor of f and n.
17
Let x(t) = -t**3 + 17*t**2 - 36*t. Let c be x(5). What is the highest common divisor of 152 and c?
8
Suppose -k + 331 = 5*m, -m + 64 = -0*m - 2*k. Calculate the highest common factor of m and 54.
6
Let f = -615 + 2417. What is the highest common factor of 636 and f?
106
Suppose -s = 2*d, 3*s = d - 0 + 7. Let h be -5*((-356)/20 - d). Suppose 5*x - 124 + 19 = 0. Calculate the highest common factor of x and h.
21
Suppose -3*k - 232 = -7*k. Suppose 5*b - 1652 = -4*i, -2*b + 0*b - 1216 = -3*i. Let l = 114 + i. What is the highest common divisor of k and l?
58
Suppose -33*y + 3863 - 1685 = 0. Calculate the greatest common factor of 14487 and y.
33
Let q = -122 - -88. Let y = q + 36. Suppose -4*i + 65 = -5*g, -2*i + 25 = -y*g + g. Calculate the highest common factor of 20 and i.
10
Suppose 105*m - 110*m + 2834 = -v, -5*v + 2273 = 4*m. Calculate the greatest common factor of 333 and m.
9
Suppose 0*z = 2*z + 72. Let c(l) = -l**3 + 6*l**2 + 59*l - 276. Let a be c(9). Let f = a - z. Calculate the highest common divisor of f and 120.
24
Let w(n) = 3*n**2 + 2. Let m be w(2). Suppose c - 5*c = -4*x + 84, -5*c = x - 21. Let h be (x/(-4))/((-5)/80). Calculate the greatest common factor of h and m.
14
Let m be 0/4 + 74 - (-504)/(-84). Suppose 5*x + 0 - 15 = 0. Suppose -x*k + 465 + 45 = 0. Calculate the greatest common divisor of m and k.
34
Suppose 72*t - 70*t - 2 = 0. Let x be -3 + t + (-5)/(-3)*3. Suppose 3*w = -4*h + 8, x*h - 8*h = w + 1. Calculate the highest common divisor of 36 and w.
4
Let w = -148 + 288. Suppose 221*o = 1646 + 2774. Calculate the highest common divisor of o and w.
20
Let l(r) = -4*r + 57. Let t be l(14). Let y be 0 - (t - (2 - -3)). Calculate the greatest common factor of y and 28.
4
Suppose 15 = f + 8. Let c(g) = 2*g**2 - 11*g + 11. Let n be c(f). Let u = n + 58. Calculate the highest common factor of u and 30.
30
Let o be (-4 - (-75)/12)/((-6)/(-16)). Let i be (-21 - (-2 - -6))/(-1). Suppose -1 = p - i. Calculate the highest common divisor of o and p.
6
Suppose -1922*b - 5247 = -1931*b. Calculate the highest common factor of 424 and b.
53
Let n(u) = 2*u**2 - 23*u - 100. Let h(x) = -2*x - 40. Let m be h(-16). Let w be n(m). What is the greatest common factor of w and 4?
4
Let s(g) = -g**3 + 11*g**2 + 11*g + 17. Let n be s(12). Suppose 10 = n*h, 7 = -v - 3*h + 24. Let f = 16 + v. Calculate the greatest common factor of f and 108.
27
Let g be 4/36*2 + (-34)/(-9). Suppose -514 - 14 = -g*k. What is the greatest common divisor of 33 and k?
33
Let v(g) = 39*g + 3042. Let o be v(-73). Let a = 104 + -26. Calculate the highest common factor of o and a.
39
Let y(g) = -7*g**2 + 6*g + 27. Let b(p) = -3*p**2 + 4*p + 13. Let x(j) = 9*b(j) - 4*y(j). Let m be x(-13). What is the highest common factor of m and 33?
11
Let p(v) = 2*v. Let h be p(2). Let w = 5719 - 5603. Calculate the highest common divisor of h and w.
4
Suppose -4*m = m + 40. Let g be (-2406)/m + 6*2/(-16). What is the greatest common factor of 15 and g?
15
Suppose 748 = -69*v + 73*v. Suppose -v - 569 = -3*l. What is the highest common divisor of 36 and l?
36
Suppose -16066 = -84*t - 63*t + 18038. What is the greatest common factor of t and 72?
8
Let h = 1351 + -1339. Suppose 5*u = -5*m + 135, 10 - 84 = -2*m + 2*u. What is the greatest common factor of h and m?
4
Let u(m) = 4*m**3 - 14*m**2 + 12*m + 76. Let c be u(7). Calculate the highest common factor of c and 6.
6
Suppose -410877 + 860489 = 168*z - 888844. Calculate the greatest common divisor of 1028 and z.
257
Let x(a) = 798*a**2 + 30*a + 13. Let v be x(-2). What is the greatest common factor of v and 425?
85
Let o(m) = -268*m - 3196. Let g be o(-12). Suppose -7*r + 3*r = -2240. Calculate the greatest common factor of r and g.
20
Suppose 639*q - 624*q = 870. What is the highest common factor of q and 3277?
29
Let x be 2/2*(-7)/(-1). Let l(j) be the second derivative of -j**4/12 + 2*j**3 - 3*j**2 + 2*j. Let d be l(x). Calculate the greatest common divisor of 29 and d.
29
Let l = 2873 + -2845. What is the greatest common divisor of 756 and l?
28
Suppose 5*d + 2*l = 26, -5*l - 26 + 10 = -d. Suppose -d*u = -19 + 13. What is the greatest common factor of u and 9?
1
Let r = 526 - 901. Let w = 585 + r. Calculate the greatest common factor of w and 60.
30
Suppose 2*m = -4*w + 2030, -1869 = -5*w + 3*m + 696. Calculate the greatest common factor of w and 42.
6
Let u = 1861 - 1579. Calculate the greatest common factor of u and 752.
94
Suppose 0 = -5*z - 9 + 4. Let r(f) = 3*f**2 - 2*f - 2. Let y be r(z). Calculate the greatest common factor of y and 12.
3
Let p = 391 + 1415. What is the highest common divisor of 344 and p?
86
Suppose 4*r + s = 56 + 1678, 2*r + 3*s = 862. Let x(k) = -26*k + 161. Let g be x(5). What is the greatest common divisor of r and g?
31
Let r be (6/4)/(((-209)/(-66))/19). Let k be r/(27/(-240))*110/(-25). Let y be (-316)/(-10) + 4/10. What is the highest common divisor of y and k?
32
Let f(o) = -3*o**2 - 14*o + 520. Let k be f(11). Suppose 4*b + 4 = -4. Let n be (-4)/(b + -1 + 1). What is the greatest common factor of k and n?
1
Suppose -3*l + q + 29 = 0, 3*l + 23*q = 27*q + 17. What is the greatest common divisor of l and 4279?
11
Suppose -3*r = -2*d + 101, 4*d + 4 = 3*r + 209. Calculate the greatest common divisor of d and 221.
13
Suppose -133*j + 2*j + 98066 = -16428. What is the greatest common divisor of 152 and j?
38
Suppose 0 = 179*m - 72*m - 409810. What is the highest common divisor of m and 40?
10
Suppose -5*r + 2*u + 142 = 0, 14*u + 2 = 12*u. Suppose -4*g = r*g - 512. What is the greatest common factor of 56 and g?
8
Let x = -116 + 118. Suppose k = -2*l + 6*l + 168, -k - x*l + 156 = 0. Calculate the greatest common divisor of k and 60.
20
Let a = 38 - -8. Suppose 2944 = -54101*p + 54117*p. What is the greatest common divisor of a and p?
46
Let s(o) = -o**2 + 19*o - 81. Let w be s(16). Let i be -38 + 2*2/(-4). Let n = w - i. Calculate the highest common divisor of n and 3.
3
Let r = 11914 - 7546. What is the highest common divisor of 780 and r?
156
Let x be ((-66)/12)/((-6)/(-4) - 2). Suppose -4*h = x - 11. Suppose 68 = 3*d + q, -2*d + 2*q + q + 60 = h. What is the greatest common divisor of 32 and d?
8
Let c = 115 + 11. Let i be 406/(4/(-18) - (-280)/c). What is the highest common factor of i and 87?
29
Let t(p) = 15*p - 16*p - p + 46. Suppose w + 0 = -3*q + 5, -65 = -5*w - 5*